
1
What is the ten thousands digit of 3529839?
2
What is the tens digit of 17862266?
6
What is the ten thousands digit of 216280?
1
What is the hundreds digit of 3020119?
1
What is the ten thousands digit of 3295749?
9
What is the hundreds digit of 210573?
5
What is the hundreds digit of 749705?
7
What is the units digit of 70314?
4
What is the thousands digit of 4245227?
5
What is the millions digit of 14257491?
4
What is the hundreds digit of 310736?
7
What is the ten thousands digit of 7191069?
9
What is the units digit of 6240126?
6
What is the ten thousands digit of 52523?
5
What is the hundreds digit of 858887?
8
What is the tens digit of 110286?
8
What is the hundred thousands digit of 373035?
3
What is the tens digit of 30425?
2
What is the hundreds digit of 10101494?
4
What is the ten thousands digit of 3497340?
9
What is the ten thousands digit of 5777174?
7
What is the hundred thousands digit of 274985?
2
What is the thousands digit of 33030?
3
What is the tens digit of 1427474?
7
What is the tens digit of 10386975?
7
What is the ten thousands digit of 419134?
1
What is the thousands digit of 210061?
0
What is the millions digit of 4234747?
4
What is the thousands digit of 1307578?
7
What is the hundred thousands digit of 4534771?
5
What is the thousands digit of 10061463?
1
What is the tens digit of 149298?
9
What is the units digit of 472265?
5
What is the millions digit of 3696722?
3
What is the units digit of 2818056?
6
What is the tens digit of 755328?
2
What is the thousands digit of 1266789?
6
What is the hundred thousands digit of 3241761?
2
What is the units digit of 15793?
3
What is the units digit of 547001?
1
What is the units digit of 542006?
6
What is the hundred thousands digit of 241680?
2
What is the thousands digit of 1012429?
2
What is the thousands digit of 410076?
0
What is the units digit of 21555601?
1
What is the millions digit of 5493579?
5
What is the thousands digit of 696339?
6
What is the ten thousands digit of 4505418?
0
What is the thousands digit of 705217?
5
What is the ten thousands digit of 16633528?
3
What is the tens digit of 3323006?
0
What is the units digit of 344093?
3
What is the hundreds digit of 8165832?
8
What is the tens digit of 6413043?
4
What is the hundreds digit of 1889874?
8
What is the hundreds digit of 8163489?
4
What is the hundreds digit of 2714967?
9
What is the ten thousands digit of 401850?
0
What is the millions digit of 1215706?
1
What is the hundred thousands digit of 1597466?
5
What is the thousands digit of 334224?
4
What is the hundred thousands digit of 12589801?
5
What is the hundred thousands digit of 4350545?
3
What is the units digit of 8437478?
8
What is the ten thousands digit of 10003739?
0
What is the ten thousands digit of 5561779?
6
What is the tens digit of 160126?
2
What is the hundreds digit of 102043?
0
What is the ten thousands digit of 1672390?
7
What is the ten thousands digit of 315685?
1
What is the thousands digit of 8318731?
8
What is the units digit of 141650?
0
What is the tens digit of 1837227?
2
What is the units digit of 4691006?
6
What is the ten thousands digit of 417816?
1
What is the units digit of 286326?
6
What is the ten thousands digit of 316742?
1
What is the thousands digit of 271059?
1
What is the units digit of 462210?
0
What is the hundreds digit of 13692?
6
What is the tens digit of 4644343?
4
What is the ten thousands digit of 860737?
6
What is the units digit of 24175853?
3
What is the units digit of 4455898?
8
What is the hundred thousands digit of 2385628?
3
What is the units digit of 321331?
1
What is the units digit of 255859?
9
What is the hundreds digit of 65081?
0
What is the units digit of 747044?
4
What is the ten thousands digit of 9529735?
2
What is the millions digit of 8394496?
8
What is the hundreds digit of 625794?
7
What is the tens digit of 108333?
3
What is the tens digit of 175024?
2
What is the hundreds digit of 14276468?
4
What is the tens digit of 1606258?
5
What is the units digit of 12870476?
6
What is the ten thousands digit of 48868?
4
What is the ten thousands digit of 48388?
4
What is the units digit of 122236?
6
What is the thousands digit of 437205?
7
What is the hundred thousands digit of 4846839?
8
What is the ten thousands digit of 2454933?
5
What is the thousands digit of 3684963?
4
What is the thousands digit of 6342438?
2
What is the hundred thousands digit of 31307021?
3
What is the hundreds digit of 4623539?
5
What is the units digit of 455735?
5
What is the units digit of 504768?
8
What is the units digit of 431739?
9
What is the hundred thousands digit of 139456?
1
What is the thousands digit of 234497?
4
What is the ten thousands digit of 33665?
3
What is the hundreds digit of 18306880?
8
What is the ten thousands digit of 417183?
1
What is the units digit of 1282079?
9
What is the ten thousands digit of 3235909?
3
What is the thousands digit of 931718?
1
What is the thousands digit of 417027?
7
What is the tens digit of 1112846?
4
What is the thousands digit of 975652?
5
What is the hundreds digit of 605584?
5
What is the hundreds digit of 923800?
8
What is the hundreds digit of 198084?
0
What is the ten thousands digit of 139856?
3
What is the tens digit of 603245?
4
What is the hundreds digit of 26318028?
0
What is the units digit of 1453431?
1
What is the hundred thousands digit of 3841453?
8
What is the thousands digit of 626809?
6
What is the hundreds digit of 8243249?
2
What is the hundred thousands digit of 35842945?
8
What is the units digit of 18921023?
3
What is the hundreds digit of 129069?
0
What is the hundred thousands digit of 13791691?
7
What is the thousands digit of 867122?
7
What is the units digit of 295191?
1
What is the ten thousands digit of 2364950?
6
What is the units digit of 177066?
6
What is the thousands digit of 10293926?
3
What is the ten thousands digit of 5032146?
3
What is the hundreds digit of 158062?
0
What is the hundreds digit of 227311?
3
What is the thousands digit of 890377?
0
What is the units digit of 16657?
7
What is the hundred thousands digit of 13047432?
0
What is the tens digit of 335950?
5
What is the hundreds digit of 158536?
5
What is the thousands digit of 149545?
9
What is the units digit of 940311?
1
What is the tens digit of 8985?
8
What is the thousands digit of 5190563?
0
What is the thousands digit of 834269?
4
What is the ten thousands digit of 173775?
7
What is the units digit of 784641?
1
What is the units digit of 3721015?
5
What is the thousands digit of 46599?
6
What is the hundred thousands digit of 4903683?
9
What is the ten thousands digit of 4749962?
4
What is the ten thousands digit of 95975?
9
What is the units digit of 229179?
9
What is the hundreds digit of 36062?
0
What is the hundred thousands digit of 890335?
8
What is the ten thousands digit of 790376?
9
What is the tens digit of 7901384?
8
What is the tens digit of 1523637?
3
What is the hundred thousands digit of 743193?
7
What is the tens digit of 1315100?
0
What is the hundreds digit of 15919919?
9
What is the units digit of 1666082?
2
What is the thousands digit of 7007821?
7
What is the ten thousands digit of 2878156?
7
What is the millions digit of 2118898?
2
What is the units digit of 16722967?
7
What is the ten thousands digit of 847184?
4
What is the units digit of 309221?
1
What is the hundreds digit of 6746200?
2
What is the hundreds digit of 11529910?
9
What is the thousands digit of 2493731?
3
What is the ten thousands digit of 868500?
6
What is the tens digit of 3811?
1
What is the hundreds digit of 1936612?
6
What is the thousands digit of 359276?
9
What is the thousands digit of 2809992?
9
What is the ten thousands digit of 21224365?
2
What is the hundred thousands digit of 313677?
3
What is the hundreds digit of 333529?
5
What is the tens digit of 445651?
5
What is the thousands digit of 20805600?
5
What is the units digit of 768070?
0
What is the ten thousands digit of 7804891?
0
What is the hundreds digit of 8485947?
9
What is the ten millions digit of 14009609?
1
What is the tens digit of 274911?
1
What is the ten thousands digit of 2668737?
6
What is the hundred thousands digit of 117838?
1
What is the units digit of 36229?
9
What is 